{"id":149,"date":"2010-03-24T00:33:30","date_gmt":"2010-03-24T00:33:30","guid":{"rendered":"http:\/\/www.montanhismo-guarda.pt\/portal\/?page_id=149"},"modified":"2022-12-05T09:28:02","modified_gmt":"2022-12-05T09:28:02","slug":"socios","status":"publish","type":"page","link":"https:\/\/www.montanhismo-guarda.pt\/portal\/socios","title":{"rendered":"Socios"},"content":{"rendered":"\n<h2 class=\"wp-block-heading\">Porqu\u00ea ser s\u00f3cio?<\/h2>\n\n\n\n<div class=\"wp-block-columns is-layout-flex wp-container-core-columns-is-layout-9d6595d7 wp-block-columns-is-layout-flex\">\n<div class=\"wp-block-column is-layout-flow wp-block-column-is-layout-flow\" style=\"flex-basis:66%\">\n<ul class=\"wp-block-list\"><li>Algumas actividades (por exemplo as organizadas na Serra da Estrela) s\u00e3o organizadas <strong>exclusivamente<\/strong> para os s\u00f3cios.<\/li><li>Actividades abertas a n\u00e3o s\u00f3cios t\u00eam pre\u00e7os diferenciados, beneficiando sempre os nossos associados.<\/li><li>Sendo n\u00f3s filiados na Federa\u00e7\u00e3o Portuguesa de Montanhismo e Escalada (FPME), por nosso interm\u00e9dio&nbsp;qualquer&nbsp;s\u00f3cio pode solicitar filia\u00e7\u00e3o nesta federa\u00e7\u00e3o usufruindo do seguro de actividades que esta oferece.<\/li><\/ul>\n<\/div>\n\n\n\n<div class=\"wp-block-column is-layout-flow wp-block-column-is-layout-flow\" style=\"flex-basis:34%\">\n<div class=\"wp-block-button is-style-outline is-style-outline--1\"><a class=\"wp-block-button__link\" href=\"https:\/\/www.fpme.org\/webpu\/index.php\/informacoes-sobre-a-licenca-federativa\" target=\"_blank\" rel=\"noreferrer noopener\">Consultar informa\u00e7\u00f5es<br>dos seguros da FPME<\/a><\/div>\n<\/div>\n<\/div>\n\n\n\n<h2 class=\"wp-block-heading\">O que \u00e9 necess\u00e1rio para ser s\u00f3cio?<\/h2>\n\n\n\n<div class=\"wp-block-columns is-layout-flex wp-container-core-columns-is-layout-9d6595d7 wp-block-columns-is-layout-flex\">\n<div class=\"wp-block-column is-layout-flow wp-block-column-is-layout-flow\" style=\"flex-basis:66%\">\n<ul class=\"wp-block-list\"><li>Proposta de S\u00f3cio devidamente preenchida;<\/li><li>1 Fotografia;<\/li><li>Pagamento da quota anual.<\/li><\/ul>\n<\/div>\n\n\n\n<div class=\"wp-block-column is-layout-flow wp-block-column-is-layout-flow\" style=\"flex-basis:34%\"><\/div>\n<\/div>\n\n\n\n<h2 class=\"wp-block-heading\">Como o fazer?<\/h2>\n\n\n\n<div class=\"wp-block-columns is-layout-flex wp-container-core-columns-is-layout-9d6595d7 wp-block-columns-is-layout-flex\">\n<div class=\"wp-block-column is-layout-flow wp-block-column-is-layout-flow\" style=\"flex-basis:66.66%\">\n<ul class=\"wp-block-list\"><li>Dirigindo-se \u00e0 sede do clube.<\/li><\/ul>\n\n\n\n<p><strong>ou<\/strong><\/p>\n\n\n\n<ul class=\"wp-block-list\"><li>Fazendo-nos chegar por email a&nbsp;proposta de s\u00f3cio devidamente preenchida, uma fotografia e o comprovativo de transfer\u00eancia banc\u00e1ria do valor da quota anual (quando aplic\u00e1vel).<\/li><\/ul>\n<\/div>\n\n\n\n<div class=\"wp-block-column is-layout-flow wp-block-column-is-layout-flow\" style=\"flex-basis:33.33%\">\n<div class=\"wp-block-button is-style-outline is-style-outline--2\"><a class=\"wp-block-button__link\" href=\"https:\/\/www.montanhismo-guarda.pt\/portal\/?page_id=14\" target=\"_blank\" rel=\"noreferrer noopener\">Visite-nos<\/a><\/div>\n\n\n\n<div class=\"wp-block-button is-style-outline is-style-outline--3\"><a class=\"wp-block-button__link\" href=\"https:\/\/www.montanhismo-guarda.pt\/portal\/wp-content\/uploads\/2022\/01\/proposta_socio_cmg.pdf\" target=\"_blank\" rel=\"noreferrer noopener\">Obter formul\u00e1rio de<br>Proposta de S\u00f3cio<\/a><\/div>\n\n\n\n<div class=\"wp-block-button is-style-outline is-style-outline--4\"><a class=\"wp-block-button__link\" href=\"mailto:clubemg@gmail.com\" target=\"_blank\" rel=\"noreferrer noopener\">Envie-nos um email<\/a><\/div>\n<\/div>\n<\/div>\n\n\n\n<h2 class=\"wp-block-heading\" id=\"quotas\">Quota anual: como a consigo pagar e qual \u00e9 o valor?<\/h2>\n\n\n\n<div class=\"wp-block-columns is-layout-flex wp-container-core-columns-is-layout-9d6595d7 wp-block-columns-is-layout-flex\">\n<div class=\"wp-block-column is-layout-flow wp-block-column-is-layout-flow\" style=\"flex-basis:66.66%\">\n<p>Presencialmente na nossa sede ou por transfer\u00eancia para o IBAN:<\/p>\n\n\n\n<p><strong>PT 50 0035 0360 000&nbsp; 33879431 17<\/strong><\/p>\n\n\n\n<p>Com valor dependente da idade do s\u00f3cio:<\/p>\n\n\n\n<ul class=\"wp-block-list\"><li>at\u00e9 aos 12 anos n\u00e3o pagam quotas;<\/li><li>dos 13 aos 17 anos pagam 6\u20ac;<\/li><li>e com 18 ou mais anos pagam 12\u20ac.<\/li><\/ul>\n<\/div>\n\n\n\n<div class=\"wp-block-column is-layout-flow wp-block-column-is-layout-flow\" style=\"flex-basis:33.33%\"><\/div>\n<\/div>\n\n\n\n<p><\/p>\n","protected":false},"excerpt":{"rendered":"<p>Porqu\u00ea ser s\u00f3cio? Algumas actividades (por exemplo as organizadas na Serra da Estrela) s\u00e3o organizadas exclusivamente para os s\u00f3cios. Actividades abertas a n\u00e3o s\u00f3cios t\u00eam pre\u00e7os diferenciados, beneficiando sempre os &hellip; <\/p>\n<p class=\"link-more\"><a href=\"https:\/\/www.montanhismo-guarda.pt\/portal\/socios\" class=\"more-link\">Continuar a ler <span class=\"screen-reader-text\">&#8220;Socios&#8221;<\/span><\/a><\/p>\n","protected":false},"author":1,"featured_media":0,"parent":0,"menu_order":0,"comment_status":"closed","ping_status":"open","template":"","meta":{"_acf_changed":false,"_tec_requires_first_save":true,"_EventAllDay":false,"_EventTimezone":"","_EventStartDate":"","_EventEndDate":"","_EventStartDateUTC":"","_EventEndDateUTC":"","_EventShowMap":false,"_EventShowMapLink":false,"_EventURL":"","_EventCost":"","_EventCostDescription":"","_EventCurrencySymbol":"","_EventCurrencyCode":"","_EventCurrencyPosition":"","_EventDateTimeSeparator":"","_EventTimeRangeSeparator":"","_EventOrganizerID":[],"_EventVenueID":[],"_OrganizerEmail":"","_OrganizerPhone":"","_OrganizerWebsite":"","_VenueAddress":"","_VenueCity":"","_VenueCountry":"","_VenueProvince":"","_VenueState":"","_VenueZip":"","_VenuePhone":"","_VenueURL":"","_VenueStateProvince":"","_VenueLat":"","_VenueLng":"","_VenueShowMap":false,"_VenueShowMapLink":false,"_tribe_blocks_recurrence_rules":"","_tribe_blocks_recurrence_description":"","_tribe_blocks_recurrence_exclusions":"","footnotes":""},"class_list":["post-149","page","type-page","status-publish","hentry"],"acf":[],"_links":{"self":[{"href":"https:\/\/www.montanhismo-guarda.pt\/portal\/wp-json\/wp\/v2\/pages\/149","targetHints":{"allow":["GET"]}}],"collection":[{"href":"https:\/\/www.montanhismo-guarda.pt\/portal\/wp-json\/wp\/v2\/pages"}],"about":[{"href":"https:\/\/www.montanhismo-guarda.pt\/portal\/wp-json\/wp\/v2\/types\/page"}],"author":[{"embeddable":true,"href":"https:\/\/www.montanhismo-guarda.pt\/portal\/wp-json\/wp\/v2\/users\/1"}],"replies":[{"embeddable":true,"href":"https:\/\/www.montanhismo-guarda.pt\/portal\/wp-json\/wp\/v2\/comments?post=149"}],"version-history":[{"count":14,"href":"https:\/\/www.montanhismo-guarda.pt\/portal\/wp-json\/wp\/v2\/pages\/149\/revisions"}],"predecessor-version":[{"id":4038,"href":"https:\/\/www.montanhismo-guarda.pt\/portal\/wp-json\/wp\/v2\/pages\/149\/revisions\/4038"}],"wp:attachment":[{"href":"https:\/\/www.montanhismo-guarda.pt\/portal\/wp-json\/wp\/v2\/media?parent=149"}],"curies":[{"name":"wp","href":"https:\/\/api.w.org\/{rel}","templated":true}]}}