{"id":25,"date":"2010-03-20T03:29:44","date_gmt":"2010-03-20T03:29:44","guid":{"rendered":"http:\/\/www.montanhismo-guarda.pt\/portal\/?page_id=25"},"modified":"2010-12-22T20:12:16","modified_gmt":"2010-12-22T20:12:16","slug":"historia","status":"publish","type":"page","link":"https:\/\/www.montanhismo-guarda.pt\/portal\/o-clube\/historia","title":{"rendered":"Hist\u00f3ria"},"content":{"rendered":"<p style=\"text-align: justify;\"><span style=\"font-family: Calibri; font-size: small;\"><a href=\"https:\/\/www.montanhismo-guarda.pt\/portal\/wp-content\/uploads\/2010\/03\/Nevestrela.jpg\"><\/a><a href=\"https:\/\/www.montanhismo-guarda.pt\/portal\/wp-content\/uploads\/2010\/03\/Picos-da-Europa-2.jpg\"><br \/>\n<\/a><br \/>\nNo dia 26 de Mar\u00e7o de 1981, era fundado  o Clube De montanhismo da Guarda. Os onze elementos\u00a0 fundadores,  a maior parte deles praticantes de outras modalidades desportivas, davam   assim os primeiros passos para introduzir na regi\u00e3o da Guarda uma  actividade  desportiva completamente nova e que paradoxalmente n\u00e3o tinha at\u00e9 ai  despertado o interesse de quem vivia na cidade do pais com melhores  condi\u00e7\u00f5es naturais para a sua pratica. <\/span><\/p>\n<p style=\"text-align: justify;\"><span style=\"font-family: Calibri; font-size: small;\">O crescimento mete\u00f3rico do  Clube nos dois primeiros anos, revelando uma grande motiva\u00e7\u00e3o de  centenas  de praticantes, introduz o montanhismo nas discuss\u00f5es do dia a dia  e chama a aten\u00e7\u00e3o para a import\u00e2ncia que a Guarda vir\u00e1 a adquirir  num movimento de forte desenvolvimento desta modalidade a n\u00edvel  nacional. <\/span><\/p>\n<p style=\"text-align: justify;\"><span style=\"font-family: Calibri; font-size: small;\"><br \/>\nEm 1983 o C. M.G, conjuntamente com a A.S.E, organiza o primeiro  NEVESTRELA,  que logo na segunda edi\u00e7\u00e3o (no ano seguinte), se transforma na maior  actividade de montanha do pais e em ponto de encontro obrigat\u00f3rio para  o debate e troca de ideias acerca da organiza\u00e7\u00e3o do montanhismo em  Portugal. No mesmo ano de 1983, montanheiros da Guarda deslocaram-se  aos Picos da Europa, onde pela primeira vez escaladores portugueses  realizaram uma via na parede oeste do Naranjo De Bulnes.<\/span><\/p>\n<p style=\"text-align: center;\"><a href=\"https:\/\/www.montanhismo-guarda.pt\/portal\/wp-content\/uploads\/2010\/03\/Picos-da-Europa-2.jpg\"><img loading=\"lazy\" decoding=\"async\" class=\"size-medium wp-image-161  aligncenter\" title=\"Picos-da-Europa-2\" src=\"https:\/\/www.montanhismo-guarda.pt\/portal\/wp-content\/uploads\/2010\/03\/Picos-da-Europa-2-195x300.jpg\" alt=\"\" width=\"195\" height=\"300\" srcset=\"https:\/\/www.montanhismo-guarda.pt\/portal\/wp-content\/uploads\/2010\/03\/Picos-da-Europa-2-195x300.jpg 195w, https:\/\/www.montanhismo-guarda.pt\/portal\/wp-content\/uploads\/2010\/03\/Picos-da-Europa-2-97x150.jpg 97w, https:\/\/www.montanhismo-guarda.pt\/portal\/wp-content\/uploads\/2010\/03\/Picos-da-Europa-2.jpg 418w\" sizes=\"auto, (max-width: 195px) 100vw, 195px\" \/><\/a>Naranjo de Bulnes (Picos da Europa)<\/p>\n<p style=\"text-align: center;\"><a href=\"https:\/\/www.montanhismo-guarda.pt\/portal\/wp-content\/uploads\/2010\/03\/Nevestrela.jpg\"><img loading=\"lazy\" decoding=\"async\" class=\"aligncenter size-medium wp-image-160\" title=\"Nevestrela\" src=\"https:\/\/www.montanhismo-guarda.pt\/portal\/wp-content\/uploads\/2010\/03\/Nevestrela-300x198.jpg\" alt=\"\" width=\"300\" height=\"198\" srcset=\"https:\/\/www.montanhismo-guarda.pt\/portal\/wp-content\/uploads\/2010\/03\/Nevestrela-300x198.jpg 300w, https:\/\/www.montanhismo-guarda.pt\/portal\/wp-content\/uploads\/2010\/03\/Nevestrela-150x99.jpg 150w, https:\/\/www.montanhismo-guarda.pt\/portal\/wp-content\/uploads\/2010\/03\/Nevestrela-400x265.jpg 400w, https:\/\/www.montanhismo-guarda.pt\/portal\/wp-content\/uploads\/2010\/03\/Nevestrela.jpg 640w\" sizes=\"auto, (max-width: 300px) 100vw, 300px\" \/><\/a>Nevestrela<\/p>\n<p style=\"text-align: justify;\"><span style=\"font-family: Calibri; font-size: small;\"><a href=\"https:\/\/www.montanhismo-guarda.pt\/portal\/wp-content\/uploads\/2010\/03\/Picos-da-Europa-2.jpg\"><br \/>\n<\/a>O Clube De Montanhismo da Guarda come\u00e7ava a ser um ponto de refer\u00eancia  mais vis\u00edvel desta pratica desportiva no nosso pais. A proximidade  com Espanha, onde o montanhismo vai anos-luz \u00e1 frente comparativamente  com Portugal. Permite ao C.M.G desenvolver, nos anos de 1984 e 1985,  um importante trabalho de forma\u00e7\u00e3o que culmina com a desloca\u00e7\u00e3o  aos Alpes, em Julho e Agosto de 1985, de doze montanheiros da Guarda,  onde realizaram um conjunto de ascens\u00f5es alpinas importantes e  permitindo  que, novamente pela primeira vez, um numero t\u00e3o significativo de  montanheiros  portugueses tome contacto com a alta montanha e simbolicamente pisem  o ponto mais elevado da Europa, o Monte Branco.<br \/>\nO clube esta consolidado e prestigiado ap\u00f3s quatro anos de vida.  Seguiram-se  anos em que o reconhecimento deste facto foi bem vis\u00edvel, atrav\u00e9s  das in\u00fameras solicita\u00e7\u00f5es para enquadramento de actividades organizadas  por escolas, clubes e as mais diversas entidades. Passaram ent\u00e3o pelas  m\u00e3os dos monitores do C.M.G milhares de jovens na sua primeira aventura  de montanha. Ao mesmo tempo aumentou o n\u00famero de s\u00f3cios e criaram-se  as condi\u00e7\u00f5es para que os praticantes realizassem autonomamente a sua  evolu\u00e7\u00e3o t\u00e9cnica.<br \/>\nA partir de 1986 um novo impulso foi dado atrav\u00e9s da chegada de novos  praticantes ao clube, em resultado do esfor\u00e7o de forma\u00e7\u00e3o de jovens  nas diferentes pr\u00e1ticas de montanhismo. <\/span><\/p>\n<p style=\"text-align: center;\"><span style=\"font-family: Calibri; font-size: small;\"><a href=\"https:\/\/www.montanhismo-guarda.pt\/portal\/wp-content\/uploads\/2010\/03\/Alpes-85-2.jpg\"><img loading=\"lazy\" decoding=\"async\" class=\"aligncenter size-medium wp-image-175\" title=\"Alpes-85-2\" src=\"https:\/\/www.montanhismo-guarda.pt\/portal\/wp-content\/uploads\/2010\/03\/Alpes-85-2-300x201.jpg\" alt=\"\" width=\"300\" height=\"201\" srcset=\"https:\/\/www.montanhismo-guarda.pt\/portal\/wp-content\/uploads\/2010\/03\/Alpes-85-2-300x201.jpg 300w, https:\/\/www.montanhismo-guarda.pt\/portal\/wp-content\/uploads\/2010\/03\/Alpes-85-2-150x100.jpg 150w, https:\/\/www.montanhismo-guarda.pt\/portal\/wp-content\/uploads\/2010\/03\/Alpes-85-2-400x268.jpg 400w, https:\/\/www.montanhismo-guarda.pt\/portal\/wp-content\/uploads\/2010\/03\/Alpes-85-2.jpg 800w\" sizes=\"auto, (max-width: 300px) 100vw, 300px\" \/><\/a>Alpes 1985<\/span><\/p>\n<p style=\"text-align: justify;\"><span style=\"font-family: Calibri; font-size: small;\"><br \/>\nNos anos 90 o Clube de Montanhismo da Guarda atinge metas importantes  noutros dom\u00ednios, tais como a constru\u00e7\u00e3o da sua sede social, a aquisi\u00e7\u00e3o   de alguns meios log\u00edsticos; a par da continua\u00e7\u00e3o do trabalho de promo\u00e7\u00e3o   do montanhismo.<br \/>\nA transi\u00e7\u00e3o do s\u00e9culo e mil\u00e9nio coincide com uma aposta nova na  escalada desportiva. A exist\u00eancia de uma parede artificial de escalada  na cidade e o aparecimento de praticantes interessados na modalidade,  leva o clube a organiza\u00e7\u00e3o do \u201cMaster de escalada 2000\u201d que decorreu  com grande \u00eaxito. <\/span><\/p>\n<p style=\"text-align: center;\"><a href=\"https:\/\/www.montanhismo-guarda.pt\/portal\/wp-content\/uploads\/2010\/03\/master.jpg\"><img loading=\"lazy\" decoding=\"async\" class=\"aligncenter size-medium wp-image-176\" title=\"master\" src=\"https:\/\/www.montanhismo-guarda.pt\/portal\/wp-content\/uploads\/2010\/03\/master-224x300.jpg\" alt=\"\" width=\"224\" height=\"300\" srcset=\"https:\/\/www.montanhismo-guarda.pt\/portal\/wp-content\/uploads\/2010\/03\/master-224x300.jpg 224w, https:\/\/www.montanhismo-guarda.pt\/portal\/wp-content\/uploads\/2010\/03\/master-112x150.jpg 112w, https:\/\/www.montanhismo-guarda.pt\/portal\/wp-content\/uploads\/2010\/03\/master-400x535.jpg 400w, https:\/\/www.montanhismo-guarda.pt\/portal\/wp-content\/uploads\/2010\/03\/master.jpg 478w\" sizes=\"auto, (max-width: 224px) 100vw, 224px\" \/><\/a>Master de Escalada<\/p>\n<p style=\"text-align: justify;\"><span style=\"font-family: Calibri; font-size: small;\"><br \/>\nDurante o ano de 2002 o C.M.G contribuiu para que o aparecimento de  uma federa\u00e7\u00e3o de montanhismo fosse uma realidade, tendo ajudado e  contribu\u00eddo para a funda\u00e7\u00e3o da F.P.M.E. <\/span><\/p>\n<p style=\"text-align: justify;\"><span style=\"font-family: Calibri; font-size: small;\"><br \/>\nDepois de todo o trabalho realizado e experi\u00eancias acumuladas ao longo  dos anos estava na hora de experimentar a alta montanha e o cume  escolhido  pelos montanheiros do C.M.G foi o monte Aconc\u00e1gua com os seus imponentes   6962 metros. Depois de um ano de prepara\u00e7\u00e3o o cume foi alcan\u00e7ado  no dia 3 de Janeiro de 2003.<br \/>\nMas o trabalho n\u00e3o acabou com esta conquista que ainda nos trouxe mais  responsabilidade se isso \u00e9 poss\u00edvel, foi criada uma equipa de B.T.T  que participa no campeonato nacional trazendo mais prest\u00edgio para as  cores do C.M.G, participamos com dois atletas no campeonato de corridas  de montanha ao mesmo tempo que incentivamos os jovens praticantes  atrav\u00e9s  da escola de escalada e os caminheiros atrav\u00e9s da organiza\u00e7\u00e3o de  um calend\u00e1rio anual de marchas. <\/span><\/p>\n<p style=\"text-align: center;\"><span style=\"font-family: Calibri; font-size: small;\"><a href=\"https:\/\/www.montanhismo-guarda.pt\/portal\/wp-content\/uploads\/2010\/03\/acon.jpg\"><img loading=\"lazy\" decoding=\"async\" class=\"aligncenter size-medium wp-image-177\" title=\"acon\" src=\"https:\/\/www.montanhismo-guarda.pt\/portal\/wp-content\/uploads\/2010\/03\/acon-300x200.jpg\" alt=\"\" width=\"300\" height=\"200\" srcset=\"https:\/\/www.montanhismo-guarda.pt\/portal\/wp-content\/uploads\/2010\/03\/acon-300x200.jpg 300w, https:\/\/www.montanhismo-guarda.pt\/portal\/wp-content\/uploads\/2010\/03\/acon-150x100.jpg 150w, https:\/\/www.montanhismo-guarda.pt\/portal\/wp-content\/uploads\/2010\/03\/acon-400x266.jpg 400w, https:\/\/www.montanhismo-guarda.pt\/portal\/wp-content\/uploads\/2010\/03\/acon.jpg 640w\" sizes=\"auto, (max-width: 300px) 100vw, 300px\" \/><\/a><\/span><\/p>\n<p style=\"text-align: center;\"><span style=\"font-family: Calibri; font-size: small;\">Aconcagua<br \/>\n<\/span><\/p>\n<p style=\"text-align: justify;\"><span style=\"font-family: Calibri; font-size: small;\"><a href=\"https:\/\/www.montanhismo-guarda.pt\/portal\/wp-content\/uploads\/2010\/03\/acon.jpg\"><\/a><br \/>\nE assim chegamos a 2006 ano das comemora\u00e7\u00f5es dos 25 anos de vida do  C.M.G, meta importante na vida de qualquer colectividade, tendo sido  comemorada com polpa e circunstancia na companhia de todos os que se  quiseram associar ao evento. <\/span><span style=\"font-family: Calibri; font-size: small;\"> Actividades regulares de B.T.T, escalada, montanhismo, caminheiros e  forma\u00e7\u00e3o s\u00e3o organizadas anualmente para os s\u00f3cios e praticantes  do clube e para aqueles que nos visitam esporadicamente.<br \/>\n\u00c9 por todo este esfor\u00e7o que o Clube de Montanhismo da Guarda se pode  orgulhar do esfor\u00e7o daqueles que foram protagonistas de hist\u00f3rias  e imagens inapag\u00e1veis. Imagens e hist\u00f3rias que contemplamos muitas  vezes com uma mistura de saudade e orgulho. Acontecimentos desportivos  e humanos que honram o trabalho persistente de muita gente que foi  construindo  e aprendendo.<br \/>\n<\/span><\/p>\n<p style=\"text-align: justify;\"><span style=\"font-family: Calibri; font-size: small;\"> Ao longo dos tempos o C.M.G foi sendo constru\u00eddo por pessoas que n\u00e3o  se limitaram a praticar um novo desporto ao percorrer novas montanhas.  Foram capazes de aprender. Como se fazem amigos. \u00c9 por tudo isto que  ao olhar-mos para tr\u00e1s vemos uma historia onde se podem escrever n\u00fameros   que surpreendem. Organizou mais de 500 actividades. Ocupou mais de 1800  dias a praticar montanhismo. Totaliza um numero de participa\u00e7\u00f5es  superior  a 20.000 pessoas. Percorreram-se milhares de quil\u00f3metros em marchas e em bicicleta.  Escalaram-se milhares de metros de parede. Por tudo isto hoje podemos  considerar que o Clube de Montanhismo da Guarda \u00e9 um dos mais  representativos  do montanhismo de Portugal e digno representante da cidade mais alta  por todos os locais por onde tem passado.<\/span><\/p>\n","protected":false},"excerpt":{"rendered":"<p>No dia 26 de Mar\u00e7o de 1981, era fundado o Clube De montanhismo da Guarda. Os onze elementos\u00a0 fundadores, a maior parte deles praticantes de outras modalidades desportivas, davam assim &hellip; <\/p>\n<p class=\"link-more\"><a href=\"https:\/\/www.montanhismo-guarda.pt\/portal\/o-clube\/historia\" class=\"more-link\">Continuar a ler <span class=\"screen-reader-text\">&#8220;Hist\u00f3ria&#8221;<\/span><\/a><\/p>\n","protected":false},"author":1,"featured_media":0,"parent":4,"menu_order":0,"comment_status":"closed","ping_status":"open","template":"","meta":{"_acf_changed":false,"_tec_requires_first_save":true,"_EventAllDay":false,"_EventTimezone":"","_EventStartDate":"","_EventEndDate":"","_EventStartDateUTC":"","_EventEndDateUTC":"","_EventShowMap":false,"_EventShowMapLink":false,"_EventURL":"","_EventCost":"","_EventCostDescription":"","_EventCurrencySymbol":"","_EventCurrencyCode":"","_EventCurrencyPosition":"","_EventDateTimeSeparator":"","_EventTimeRangeSeparator":"","_EventOrganizerID":[],"_EventVenueID":[],"_OrganizerEmail":"","_OrganizerPhone":"","_OrganizerWebsite":"","_VenueAddress":"","_VenueCity":"","_VenueCountry":"","_VenueProvince":"","_VenueState":"","_VenueZip":"","_VenuePhone":"","_VenueURL":"","_VenueStateProvince":"","_VenueLat":"","_VenueLng":"","_VenueShowMap":false,"_VenueShowMapLink":false,"_tribe_blocks_recurrence_rules":"","_tribe_blocks_recurrence_description":"","_tribe_blocks_recurrence_exclusions":"","footnotes":""},"class_list":["post-25","page","type-page","status-publish","hentry"],"acf":[],"_links":{"self":[{"href":"https:\/\/www.montanhismo-guarda.pt\/portal\/wp-json\/wp\/v2\/pages\/25","targetHints":{"allow":["GET"]}}],"collection":[{"href":"https:\/\/www.montanhismo-guarda.pt\/portal\/wp-json\/wp\/v2\/pages"}],"about":[{"href":"https:\/\/www.montanhismo-guarda.pt\/portal\/wp-json\/wp\/v2\/types\/page"}],"author":[{"embeddable":true,"href":"https:\/\/www.montanhismo-guarda.pt\/portal\/wp-json\/wp\/v2\/users\/1"}],"replies":[{"embeddable":true,"href":"https:\/\/www.montanhismo-guarda.pt\/portal\/wp-json\/wp\/v2\/comments?post=25"}],"version-history":[{"count":21,"href":"https:\/\/www.montanhismo-guarda.pt\/portal\/wp-json\/wp\/v2\/pages\/25\/revisions"}],"predecessor-version":[{"id":108,"href":"https:\/\/www.montanhismo-guarda.pt\/portal\/wp-json\/wp\/v2\/pages\/25\/revisions\/108"}],"up":[{"embeddable":true,"href":"https:\/\/www.montanhismo-guarda.pt\/portal\/wp-json\/wp\/v2\/pages\/4"}],"wp:attachment":[{"href":"https:\/\/www.montanhismo-guarda.pt\/portal\/wp-json\/wp\/v2\/media?parent=25"}],"curies":[{"name":"wp","href":"https:\/\/api.w.org\/{rel}","templated":true}]}}