{"id":5046,"date":"2025-01-16T19:34:28","date_gmt":"2025-01-16T19:34:28","guid":{"rendered":"http:\/\/www.montanhismo-guarda.pt\/portal\/?page_id=5046"},"modified":"2026-04-08T11:46:16","modified_gmt":"2026-04-08T10:46:16","slug":"mountain-bike-orienteering","status":"publish","type":"page","link":"https:\/\/www.montanhismo-guarda.pt\/portal\/mountain-bike-orienteering","title":{"rendered":"II Mountain Bike Orienteering"},"content":{"rendered":"<div class=\"wp-block-image\">\n<figure class=\"aligncenter size-large\"><img loading=\"lazy\" decoding=\"async\" width=\"724\" height=\"1024\" src=\"https:\/\/www.montanhismo-guarda.pt\/portal\/wp-content\/uploads\/2026\/01\/cartaz-OriBtt-2026-724x1024.jpg\" alt=\"\" class=\"wp-image-5862\" srcset=\"https:\/\/www.montanhismo-guarda.pt\/portal\/wp-content\/uploads\/2026\/01\/cartaz-OriBtt-2026-724x1024.jpg 724w, https:\/\/www.montanhismo-guarda.pt\/portal\/wp-content\/uploads\/2026\/01\/cartaz-OriBtt-2026-212x300.jpg 212w, https:\/\/www.montanhismo-guarda.pt\/portal\/wp-content\/uploads\/2026\/01\/cartaz-OriBtt-2026-768x1086.jpg 768w, https:\/\/www.montanhismo-guarda.pt\/portal\/wp-content\/uploads\/2026\/01\/cartaz-OriBtt-2026-1086x1536.jpg 1086w, https:\/\/www.montanhismo-guarda.pt\/portal\/wp-content\/uploads\/2026\/01\/cartaz-OriBtt-2026-1448x2048.jpg 1448w, https:\/\/www.montanhismo-guarda.pt\/portal\/wp-content\/uploads\/2026\/01\/cartaz-OriBtt-2026-scaled.jpg 1810w\" sizes=\"auto, (max-width: 724px) 100vw, 724px\" \/><\/figure>\n<\/div>\n\n\n<div class=\"wp-block-buttons is-horizontal is-content-justification-center is-layout-flex wp-container-core-buttons-is-layout-499968f5 wp-block-buttons-is-layout-flex\">\n<div class=\"wp-block-button is-style-outline is-style-outline--1\"><a class=\"wp-block-button__link wp-element-button\" href=\"https:\/\/www.montanhismo-guarda.pt\/portal\/mountain-bike-orienteering#info\">Informa\u00e7\u00f5es Gerais<\/a><\/div>\n\n\n\n<div class=\"wp-block-button is-style-outline is-style-outline--2\"><a class=\"wp-block-button__link wp-element-button\" href=\"https:\/\/www.montanhismo-guarda.pt\/portal\/mountain-bike-orienteering#tecnica\">Informa\u00e7\u00f5es T\u00e9cnicas \/ Partidas<\/a><\/div>\n\n\n\n<div class=\"wp-block-button is-style-outline is-style-outline--3\"><a class=\"wp-block-button__link has-light-green-cyan-background-color has-background wp-element-button\" href=\"https:\/\/www.montanhismo-guarda.pt\/portal\/mountain-bike-orienteering#inscricao\">Inscri\u00e7\u00e3o<\/a><\/div>\n\n\n\n<div class=\"wp-block-button is-style-outline is-style-outline--4\"><a class=\"wp-block-button__link wp-element-button\" href=\"https:\/\/www.montanhismo-guarda.pt\/portal\/mountain-bike-orienteering#localizacao\">Localiza\u00e7\u00e3o<\/a><\/div>\n\n\n\n<div class=\"wp-block-button is-style-outline is-style-outline--5\"><a class=\"wp-block-button__link wp-element-button\" href=\"https:\/\/www.montanhismo-guarda.pt\/portal\/mountain-bike-orienteering#contactos\">Contactos<\/a><\/div>\n<\/div>\n\n\n\n<h2 class=\"wp-block-heading\" id=\"info\">Informa\u00e7\u00f5es Gerais<\/h2>\n\n\n\n\n\n\n\n<p><br>Este evento \u00e9 organizado segundo o <strong>regulamento competi\u00e7\u00f5es de ori-btt<\/strong> da Federa\u00e7\u00e3o Portuguesa de Orienta\u00e7\u00e3o.<\/p>\n\n\n\n<h3 class=\"wp-block-heading\">A &#8211; ORGANIZA\u00c7\u00c3O<\/h3>\n\n\n\n<p>A.1 &#8211; A organiza\u00e7\u00e3o \u00e9 da responsabilidade do Clube de Montanhismo da Guarda e da Associa\u00e7\u00e3o Desportiva do Mondego Ori-Mondego, com o apoio do Munic\u00edpio da Guarda e a Federa\u00e7\u00e3o Portuguesa de Orienta\u00e7\u00e3o.<\/p>\n\n\n\n<p>A.2 \u2013 Dire\u00e7\u00e3o do evento:<\/p>\n\n\n\n<ul class=\"wp-block-list\">\n<li>Diretor do evento: Manuel Fonseca<\/li>\n\n\n\n<li>Diretor t\u00e9cnico: Manuel Fonseca<\/li>\n\n\n\n<li>Presidente CMG: Messias Janeiro<\/li>\n\n\n\n<li>Supervisor FPO: <\/li>\n\n\n\n<li>Cartografia: Alexandre Reis<\/li>\n\n\n\n<li>Tra\u00e7ador de percursos: Rui Mora<\/li>\n<\/ul>\n\n\n\n<h3 class=\"wp-block-heading\">B \u2013 DATA \/ LOCAL<\/h3>\n\n\n\n<p><br>B.1 \u2013 A prova realiza-se no dia 26 de abril de 2026, na Cidade da Guarda, com a arena do evento localizada, no Parque Urbano do Rio Diz.<\/p>\n\n\n\n<p>B.2 \u2013 Localiza\u00e7\u00f5es:<\/p>\n\n\n\n<ul class=\"wp-block-list\">\n<li><a href=\"https:\/\/maps.app.goo.gl\/d4UXjJPvzbS8gzqR9\" target=\"_blank\" rel=\"noreferrer noopener\">Arena &#8211; 40.548703, -7.241003<\/a><\/li>\n\n\n\n<li><a href=\"https:\/\/maps.app.goo.gl\/PJ7NJi9SAUY1T6B2A\" target=\"_blank\" rel=\"noreferrer noopener\">Solo Duro &#8211; 40.536862, -7.278378<\/a><\/li>\n\n\n\n<li><a href=\"https:\/\/maps.app.goo.gl\/JL3VSNnxksrcKpHB6\" target=\"_blank\" rel=\"noreferrer noopener\">Banhos &#8211; 40.548551, -7.2513339<\/a><\/li>\n\n\n\n<li><a href=\"https:\/\/maps.app.goo.gl\/d4UXjJPvzbS8gzqR9\" target=\"_blank\" rel=\"noreferrer noopener\">Secretariado &#8211; 40.548703, -7.241003<\/a><\/li>\n<\/ul>\n\n\n\n<h3 class=\"wp-block-heading\">C \u2013 CONDI\u00c7\u00d5ES DE PARTICIPA\u00c7\u00c3O<\/h3>\n\n\n\n<p>C.1 \u2013 Percursos abertos, destinam-se a qualquer cidad\u00e3o interessado em participar num dos percursos dispon\u00edveis, indicado para quem quer experimentar a modalidade ou participar em grupos<\/p>\n\n\n\n<p>Consultar os escal\u00f5es abertos dispon\u00edveis, bem como a dificuldade t\u00e9cnica e f\u00edsica de cada um.<\/p>\n\n\n\n<p>Consultar nas informa\u00e7\u00f5es t\u00e9cnicas, a dist\u00e2ncia e acumulado previsto para a melhor op\u00e7\u00e3o de cada escal\u00e3o.<\/p>\n\n\n\n<p>C.2 \u2013 Percursos de competi\u00e7\u00e3o, destinam-se a atletas com licen\u00e7a na Federa\u00e7\u00e3o Portuguesa de Orienta\u00e7\u00e3o, v\u00e1lida para a \u00e9poca 2026.<\/p>\n\n\n\n<p>C.3 \u2013 Cada participante dever\u00e1 confirmar que todas as informa\u00e7\u00f5es da Inscri\u00e7\u00e3o correspondem \u00e0 verdade.<\/p>\n\n\n\n<h3 class=\"wp-block-heading\">D &#8211; INSCRI\u00c7\u00d5ES<\/h3>\n\n\n\n<p>D.1 \u2013 As inscri\u00e7\u00f5es s\u00e3o realizadas preferencialmente atrav\u00e9s da plataforma de gest\u00e3o de provas orioasis da Federa\u00e7\u00e3o Portuguesa de Orienta\u00e7\u00e3o.<br>Inscri\u00e7\u00f5es no orioasis <a href=\"https:\/\/www.orioasis.pt\/oasis\/guide.php?eventid=2989&amp;action=register_entry\" target=\"_blank\" rel=\"noreferrer noopener\">AQUI<\/a><\/p>\n\n\n\n<p>D.2 \u2013 As inscri\u00e7\u00f5es por email, s\u00e3o enviadas para <a href=\"mailto:clube@montanhismo-guarda.pt\" target=\"_blank\" rel=\"noreferrer noopener\">clube@montanhismo-guarda.pt<\/a> com os seguintes dados:<\/p>\n\n\n\n<ul class=\"wp-block-list\">\n<li>Nome(s) do(s) participante(s)<\/li>\n\n\n\n<li>Data de nascimento<\/li>\n\n\n\n<li>Nome do Clube<\/li>\n\n\n\n<li>N\u00famero de federado na FPO (caso n\u00e3o seja federado, n\u00famero de CC e NIF)<\/li>\n\n\n\n<li>N\u00famero de SI Card caso tenho um pessoal, n\u00e3o tendo ser\u00e1 atribu\u00eddo um pela organiza\u00e7\u00e3o. A perda ou n\u00e3o devolu\u00e7\u00e3o deste dispositivo tem uma taxa de 50\u20ac.<\/li>\n\n\n\n<li>Escal\u00e3o de participa\u00e7\u00e3o<\/li>\n\n\n\n<li>Etapas a realizar.<\/li>\n<\/ul>\n\n\n\n<p>D.3 \u2013 O encerramento das inscri\u00e7\u00f5es ser\u00e1 \u00e0s 23h:59m do dia 18 de abril de 2026.<\/p>\n\n\n\n<p>D.4 \u2013 Todas as inscri\u00e7\u00f5es, ser\u00e3o confirmadas atrav\u00e9s da p\u00e1gina oficial do evento e redirecionada para a plataforma de inscri\u00e7\u00f5es.<\/p>\n\n\n\n<p>D.5 \u2013 Valores da inscri\u00e7\u00e3o s\u00e3o:<\/p>\n\n\n<figure><div class=\"wp-block-tableberg-wrapper wp-block-tableberg-table\" >\n\t\t\t<div class=\"tableberg-table-wrapper\" style=\"\">\n\t\t\t\t<table class = \"has-inner-border\" style=\"border-spacing: 0 0; --tableberg-inner-border-top: none; --tableberg-inner-border-right: 1px solid #000000; --tableberg-inner-border-bottom: 1px solid #000000; --tableberg-inner-border-left: none; --tableberg-inner-border-top-first: 1px solid #000000; --tableberg-inner-border-left-first: 1px solid #000000; \" data-tableberg-header=\"converted\" data-tableberg-footer=\"\"  ><colgroup><col style=\"\"\/><col style=\"\"\/><col style=\"\"\/><\/colgroup><tbody><tr class=\"tableberg-header\" style=\"\">\n<th data-tableberg-row=\"0\" data-tableberg-col=\"0\" style=\"\" class=\"wp-block-tableberg-cell tableberg-v-align-center\"><div class=\"tableberg-cell-inner\" style=\"display: block; justify-content: center; flex-wrap: wrap; \">\n<p>Tipo de Praticante<\/p>\n<\/div><\/th>\n\n<th data-tableberg-row=\"0\" data-tableberg-col=\"1\" style=\"\" class=\"wp-block-tableberg-cell tableberg-v-align-center\"><div class=\"tableberg-cell-inner\" style=\"display: block; justify-content: center; flex-wrap: wrap; \">\n<p>Niv\u00e9l Et\u00e1rio<\/p>\n<\/div><\/th>\n\n<th data-tableberg-row=\"0\" data-tableberg-col=\"2\" style=\"\" class=\"wp-block-tableberg-cell tableberg-v-align-center\"><div class=\"tableberg-cell-inner\" style=\"display: block; justify-content: center; flex-wrap: wrap; \">\n<p>At\u00e9 \u00e0s 23:59 do dia 18ABR2026<\/p>\n<\/div><\/th>\n<\/tr><tr class=\"tableberg-odd-row\" style=\"\">\n<td data-tableberg-row=\"1\" data-tableberg-col=\"0\" rowspan=\"4\" style=\"\" class=\"wp-block-tableberg-cell tableberg-v-align-center\"><div class=\"tableberg-cell-inner\" style=\"display: block; justify-content: center; flex-wrap: wrap; \">\n<p><strong>Praticante Federado Renovado e praticantes Federados na FEDO<\/strong><\/p>\n<\/div><\/td>\n\n<td data-tableberg-row=\"1\" data-tableberg-col=\"1\" style=\"\" class=\"wp-block-tableberg-cell tableberg-v-align-center\"><div class=\"tableberg-cell-inner\" style=\"display: block; justify-content: center; flex-wrap: wrap; \">\n<p>Jovem* em Escal\u00e3o Forma\u00e7\u00e3o ou Aberto<\/p>\n<\/div><\/td>\n\n<td data-tableberg-row=\"1\" data-tableberg-col=\"2\" rowspan=\"2\" style=\"\" class=\"wp-block-tableberg-cell tableberg-v-align-center\"><div class=\"tableberg-cell-inner\" style=\"display: block; justify-content: center; flex-wrap: wrap; \">\n<p class=\"has-text-align-center\">6,00\u20ac<\/p>\n<\/div><\/td>\n<\/tr><tr class=\"tableberg-even-row\" style=\"\"> \n<td data-tableberg-row=\"2\" data-tableberg-col=\"1\" style=\"\" class=\"wp-block-tableberg-cell tableberg-v-align-center\"><div class=\"tableberg-cell-inner\" style=\"display: block; justify-content: center; flex-wrap: wrap; \">\n<p>Jovem* em Escal\u00e3o Competi\u00e7\u00e3o<\/p>\n<\/div><\/td>\n <\/tr><tr class=\"tableberg-odd-row\" style=\"\"> \n<td data-tableberg-row=\"3\" data-tableberg-col=\"1\" style=\"\" class=\"wp-block-tableberg-cell tableberg-v-align-center\"><div class=\"tableberg-cell-inner\" style=\"display: block; justify-content: center; flex-wrap: wrap; \">\n<p>Adulto em Escal\u00e3o Forma\u00e7\u00e3o ou Aberto<\/p>\n<\/div><\/td>\n\n<td data-tableberg-row=\"3\" data-tableberg-col=\"2\" rowspan=\"2\" style=\"\" class=\"wp-block-tableberg-cell tableberg-v-align-center\"><div class=\"tableberg-cell-inner\" style=\"display: block; justify-content: center; flex-wrap: wrap; \">\n<p class=\"has-text-align-center\">10,00\u20ac<\/p>\n<\/div><\/td>\n<\/tr><tr class=\"tableberg-even-row\" style=\"\"> \n<td data-tableberg-row=\"4\" data-tableberg-col=\"1\" style=\"\" class=\"wp-block-tableberg-cell tableberg-v-align-center\"><div class=\"tableberg-cell-inner\" style=\"display: block; justify-content: center; flex-wrap: wrap; \">\n<p>Adulto em Escal\u00e3o Competi\u00e7\u00e3o<\/p>\n<\/div><\/td>\n <\/tr><tr class=\"tableberg-odd-row\" style=\"\">\n<td data-tableberg-row=\"5\" data-tableberg-col=\"0\" rowspan=\"4\" style=\"\" class=\"wp-block-tableberg-cell tableberg-v-align-center\"><div class=\"tableberg-cell-inner\" style=\"display: block; justify-content: center; flex-wrap: wrap; \">\n<p><strong>N\u00e3o Federados<\/strong><br><\/p>\n\n\n\n<p><strong>(+ 2\u20ac de Seguro Obrigat\u00f3rio)<\/strong><\/p>\n<\/div><\/td>\n\n<td data-tableberg-row=\"5\" data-tableberg-col=\"1\" style=\"\" class=\"wp-block-tableberg-cell tableberg-v-align-center\"><div class=\"tableberg-cell-inner\" style=\"display: block; justify-content: center; flex-wrap: wrap; \">\n<p>Jovem* em Escal\u00e3o Forma\u00e7\u00e3o ou Aberto<\/p>\n<\/div><\/td>\n\n<td data-tableberg-row=\"5\" data-tableberg-col=\"2\" style=\"\" class=\"wp-block-tableberg-cell tableberg-v-align-center\"><div class=\"tableberg-cell-inner\" style=\"display: block; justify-content: center; flex-wrap: wrap; \">\n<p class=\"has-text-align-center\">7,00\u20ac<\/p>\n<\/div><\/td>\n<\/tr><tr class=\"tableberg-even-row\" style=\"\"> \n<td data-tableberg-row=\"6\" data-tableberg-col=\"1\" style=\"\" class=\"wp-block-tableberg-cell tableberg-v-align-center\"><div class=\"tableberg-cell-inner\" style=\"display: block; justify-content: center; flex-wrap: wrap; \">\n<p>Jovem* em Escal\u00e3o Competi\u00e7\u00e3o<\/p>\n<\/div><\/td>\n\n<td data-tableberg-row=\"6\" data-tableberg-col=\"2\" style=\"\" class=\"wp-block-tableberg-cell tableberg-v-align-center\"><div class=\"tableberg-cell-inner\" style=\"display: block; justify-content: center; flex-wrap: wrap; \">\n<p class=\"has-text-align-center\">10,00\u20ac<\/p>\n<\/div><\/td>\n<\/tr><tr class=\"tableberg-odd-row\" style=\"\"> \n<td data-tableberg-row=\"7\" data-tableberg-col=\"1\" style=\"\" class=\"wp-block-tableberg-cell tableberg-v-align-center\"><div class=\"tableberg-cell-inner\" style=\"display: block; justify-content: center; flex-wrap: wrap; \">\n<p>Adulto em Escal\u00e3o Forma\u00e7\u00e3o ou Aberto<\/p>\n<\/div><\/td>\n\n<td data-tableberg-row=\"7\" data-tableberg-col=\"2\" style=\"\" class=\"wp-block-tableberg-cell tableberg-v-align-center\"><div class=\"tableberg-cell-inner\" style=\"display: block; justify-content: center; flex-wrap: wrap; \">\n<p class=\"has-text-align-center\">11,00\u20ac<\/p>\n<\/div><\/td>\n<\/tr><tr class=\"tableberg-even-row\" style=\"\"> \n<td data-tableberg-row=\"8\" data-tableberg-col=\"1\" style=\"\" class=\"wp-block-tableberg-cell tableberg-v-align-center\"><div class=\"tableberg-cell-inner\" style=\"display: block; justify-content: center; flex-wrap: wrap; \">\n<p>Adulto em Escal\u00e3o Competi\u00e7\u00e3o<\/p>\n<\/div><\/td>\n\n<td data-tableberg-row=\"8\" data-tableberg-col=\"2\" style=\"\" class=\"wp-block-tableberg-cell tableberg-v-align-center\"><div class=\"tableberg-cell-inner\" style=\"display: block; justify-content: center; flex-wrap: wrap; \">\n<p class=\"has-text-align-center\">18,00\u20ac<\/p>\n<\/div><\/td>\n<\/tr><tr class=\"tableberg-odd-row\" style=\"\">\n<td data-tableberg-row=\"9\" data-tableberg-col=\"0\" style=\"\" class=\"wp-block-tableberg-cell tableberg-v-align-center\"><div class=\"tableberg-cell-inner\" style=\"display: block; justify-content: center; flex-wrap: wrap; \">\n<p><strong>Desporto Escolar**<\/strong><\/p>\n<\/div><\/td>\n\n<td data-tableberg-row=\"9\" data-tableberg-col=\"1\" style=\"\" class=\"wp-block-tableberg-cell tableberg-v-align-center\"><div class=\"tableberg-cell-inner\" style=\"display: block; justify-content: center; flex-wrap: wrap; \">\n<p>Jovem*<\/p>\n<\/div><\/td>\n\n<td data-tableberg-row=\"9\" data-tableberg-col=\"2\" style=\"\" class=\"wp-block-tableberg-cell tableberg-v-align-center\"><div class=\"tableberg-cell-inner\" style=\"display: block; justify-content: center; flex-wrap: wrap; \">\n<p class=\"has-text-align-center\">3,00\u20ac<\/p>\n<\/div><\/td>\n<\/tr><\/tbody><\/table>\n\t\t\t<\/div>\n\t\t<\/div><figcaption>* At\u00e9 20 anos (celebrados at\u00e9 31 de dezembro de 2026<\/figcaption><\/figure>\n\n\n<p>D.6 \u2013 Em caso de desist\u00eancia, n\u00e3o ser\u00e1 devolvida qualquer quantia aos atletas desistentes.<\/p>\n\n\n\n<p>D.7 \u2013 Cada participante \u00e9 respons\u00e1vel por todos os dados inseridos na plataforma de inscri\u00e7\u00f5es assumindo que os mesmos s\u00e3o verdadeiros. A declara\u00e7\u00e3o de dados falsos implicar\u00e1 a desqualifica\u00e7\u00e3o autom\u00e1tica do participante.<\/p>\n\n\n\n<p>D.8 \u2013 O pagamento das inscri\u00e7\u00f5es \u00e9 realizado por transfer\u00eancia banc\u00e1ria para a Clube de Montanhismo da Guarda, s\u00f3 ser\u00e3o confirmadas a inscri\u00e7\u00f5es pagas at\u00e9 ao dia \u00fatil seguinte ao fecho das inscri\u00e7\u00f5es.<\/p>\n\n\n\n<p>Conta do Clube de Montanhismo da Guarda para realiza\u00e7\u00e3o de transfer\u00eancias de pagamentos.<\/p>\n\n\n\n<p>IBAN: <strong>PT 50 0035 0360 000&nbsp;33879431 17<\/strong><\/p>\n\n\n\n<h3 class=\"wp-block-heading\">E \u2013 Programa<\/h3>\n\n\n\n<ul class=\"wp-block-list\">\n<li>18 de abril de 2026 \u00e1s 23:59 \u2013 Fecho das inscri\u00e7\u00f5es<\/li>\n\n\n\n<li>22 de abril de 2026 &#8211; Publica\u00e7\u00e3o listas de partidas<\/li>\n\n\n\n<li>26 de abril de 2026\n<ul class=\"wp-block-list\">\n<li>7:30 &#8211; abertura do secretariado<\/li>\n\n\n\n<li>9:30 &#8211; in\u00edcio das partidas escal\u00f5es de competi\u00e7\u00e3o<\/li>\n\n\n\n<li>10:00 &#8211; in\u00edcio das partidas escal\u00f5es abertos e forma\u00e7\u00e3o<\/li>\n\n\n\n<li>13:00 &#8211; cerimonia de entrega de pr\u00e9mios<\/li>\n<\/ul>\n<\/li>\n<\/ul>\n\n\n\n<h3 class=\"wp-block-heading\">F \u2013 ALIMENTA\u00c7\u00c3O<\/h3>\n\n\n\n<p>F.1 &#8211; A organiza\u00e7\u00e3o fornecer\u00e1 \u00e1guas, ch\u00e1 quente e um pequeno snack no local das chegadas.<\/p>\n\n\n\n<p>F.2 \u2013 Haver\u00e1 na arena, um bar com bebidas e refei\u00e7\u00f5es r\u00e1pidas.<\/p>\n\n\n\n<h3 class=\"wp-block-heading\">G &#8211; CLASSIFICA\u00c7\u00d5ES<\/h3>\n\n\n\n<p>G.1 &#8211; A classifica\u00e7\u00e3o final ser\u00e1 por escal\u00f5es (tr\u00eas primeiros classificados e cinco primeiros classificados escal\u00f5es elite), de acordo com o regulamento da FPO<\/p>\n\n\n\n<figure class=\"wp-block-table\"><table><thead><tr><th>Idade<br>(a 31 de dezembro 2026)<\/th><th>Escal\u00e3o<\/th><th>Tipo<\/th><th>Categoria<\/th><\/tr><\/thead><tbody><tr><td>6 aos 11<\/td><td>H\/D 11<\/td><td>N\u00e3o Competitivo<\/td><td>Forma\u00e7\u00e3o<\/td><\/tr><tr><td>12 e 13<\/td><td>H\/D 13<\/td><td>Competi\u00e7\u00e3o<\/td><td>Iniciados M\/F<\/td><\/tr><tr><td>14 e 15<\/td><td>H\/D 15<\/td><td>Competi\u00e7\u00e3o<\/td><td>Juvenis M\/F<\/td><\/tr><tr><td>16 e 17<\/td><td>H\/D 17<\/td><td>Competi\u00e7\u00e3o<\/td><td>Cadetes M\/F<\/td><\/tr><tr><td>18, 19 e 20<\/td><td>H\/D 20<\/td><td>Competi\u00e7\u00e3o<\/td><td>Juniores M\/F<\/td><\/tr><tr><td>21 ou mais<\/td><td>H\/D 21A<br>HE\/DE<\/td><td>Secund\u00e1rio<br>Competi\u00e7\u00e3o<\/td><td>Seniores M\/F<\/td><\/tr><tr><td>35 a 39<br>40 a 44<\/td><td>H\/D 35<br>H\/D 40<\/td><td>Competi\u00e7\u00e3o<br>Competi\u00e7\u00e3o<\/td><td>Veteranos I M\/F<\/td><\/tr><tr><td>45 a 49<br>50 a 54<\/td><td>H\/D 45<br>H\/D 50<\/td><td>Competi\u00e7\u00e3o<br>Competi\u00e7\u00e3o<\/td><td>Veteranos II M\/F<\/td><\/tr><tr><td>55 a 59<br>60 a 64<\/td><td>H\/D 55<br>H\/D 60<\/td><td>Competi\u00e7\u00e3o<br>Competi\u00e7\u00e3o<\/td><td>Veteranos III M\/F<\/td><\/tr><tr><td>65 a 69<br>70 ou mais<\/td><td>H\/D 65<br>H\/D 70<\/td><td>Competi\u00e7\u00e3o<br>Competi\u00e7\u00e3o<\/td><td>Veteranos IV M\/F<\/td><\/tr><tr><td>Qualquer sexo e idade<\/td><td>E-bikes<\/td><td>Secund\u00e1rio<\/td><td><br><\/td><\/tr><\/tbody><\/table><\/figure>\n\n\n\n<h3 class=\"wp-block-heading\">H- Sistema de Controlo Sportident<\/h3>\n\n\n\n<p>H.1 &#8211; Nesta prova ser\u00e1 utilizado o sistema eletr\u00f3nico Sportident para controlo da execu\u00e7\u00e3o dos percursos.<\/p>\n\n\n\n<p>Cada atleta ou equipa leva, al\u00e9m do mapa, um SI Card (a organiza\u00e7\u00e3o aluga a quem n\u00e3o tiver).<\/p>\n\n\n\n<p>O atleta ou grupo (em escal\u00e3o aberto) comprova a sua passagem por cada ponto de controlo inserindo o SI Card no orif\u00edcio da Esta\u00e7\u00e3o SI de cada ponto de controlo (esperar at\u00e9 ouvir o bip e\/ou o piscar do 2 led de confirma\u00e7\u00e3o).<\/p>\n\n\n\n<p>Os pontos devem ser controlados pela ordem sequencial que foi definida no mapa, sob pena de desclassifica\u00e7\u00e3o.<\/p>\n\n\n\n<p>Na chegada os dados do SICard s\u00e3o lidos para verificar a correta execu\u00e7\u00e3o do percurso.<\/p>\n\n\n\n<p>Em caso de falha comprovada do sistema Sportident, dever\u00e1 ser picotado um dos quadrados de reserva do mapa (R1, R2 e R3).<\/p>\n\n\n\n<p>Os chips alugados dever\u00e3o ser devolvidos no final da prova no secretariado;<\/p>\n\n\n\n<p>A perda ou n\u00e3o devolu\u00e7\u00e3o do SI Card alugado implica a perda da cau\u00e7\u00e3o de 30 \u20ac paga \/ entregue quando do aluguer do SI Card.<\/p>\n\n\n\n<p>Caso o atleta altere o SIcard tem obrigatoriamente, antes da sua partida, que oficializar essa altera\u00e7\u00e3o no secretariado. N\u00e3o ser\u00e3o autorizadas partidas de atletas com altera\u00e7\u00f5es de dados que n\u00e3o tenham a valida\u00e7\u00e3o do secretariado.<\/p>\n\n\n\n<h3 class=\"wp-block-heading\">I &#8211; DIREITOS DE IMAGEM<\/h3>\n\n\n\n<p>I.1 &#8211; A inscri\u00e7\u00e3o na prova e a consequente aceita\u00e7\u00e3o deste regulamento implica obrigatoriamente a autoriza\u00e7\u00e3o do participante para que a organiza\u00e7\u00e3o possa efetuar a grava\u00e7\u00e3o total ou parcial da sua participa\u00e7\u00e3o, podendo utilizar essas imagens livremente para a divulga\u00e7\u00e3o e promo\u00e7\u00e3o da prova em todos os suportes (televis\u00e3o, r\u00e1dio, imprensa, internet, cartazes, cart\u00f5es e flyers, fotos e v\u00eddeos). Cede assim todos os direitos de imagem relativos \u00e0 explora\u00e7\u00e3o comercial e publicit\u00e1ria desses registos, sem direito a receber nenhuma compensa\u00e7\u00e3o econ\u00f3mica por parte da organiza\u00e7\u00e3o.<\/p>\n\n\n\n<h3 class=\"wp-block-heading\">J &#8211; PROTEC\u00c7\u00c3O DE DADOS<\/h3>\n\n\n\n<p>J.1 &#8211; A organiza\u00e7\u00e3o da Invernal de BTT respeita integralmente a lei de prote\u00e7\u00e3o de dados, atualmente em vigor. Os atletas assumem o conhecimento e autorizam a introdu\u00e7\u00e3o e o tratamento dos seus dados pessoais nos ficheiros da organiza\u00e7\u00e3o da prova, para a sua utiliza\u00e7\u00e3o no desenvolvimento, gest\u00e3o administrativa. Os atletas devem indicar o nome que pretendem ver inscrito no dorsal, listas de inscritos e classifica\u00e7\u00e3o final que ser\u00e3o publicadas no site do evento. A pol\u00edtica de privacidade permite, no entanto que qualquer atleta possa solicitar a altera\u00e7\u00e3o ou remo\u00e7\u00e3o dos seus dados, mediante um pedido efetuado por e-mail para: <a href=\"mailto:clubemg@gmail.com\">clubemg@gmail.com<\/a><\/p>\n\n\n\n<h3 class=\"wp-block-heading\">K &#8211; OUTROS<\/h3>\n\n\n\n<p>K.1 &#8211; Os casos omissos a este regulamento ser\u00e3o decididos pela organiza\u00e7\u00e3o, a qual ser\u00e1 soberana nas suas decis\u00f5es.<\/p>\n\n\n\n<h2 class=\"wp-block-heading\" id=\"tecnica\">Informa\u00e7\u00f5es T\u00e9cnicas<\/h2>\n\n\n\n\n\n\n\n\n\n<h2 class=\"wp-block-heading\" id=\"inscricao\">Inscri\u00e7\u00e3o<\/h2>\n\n\n\n\n\n\n\n\n\n<div style=\"height:24px\" aria-hidden=\"true\" class=\"wp-block-spacer\"><\/div>\n\n\n\n\n\n\n\n<h2 class=\"wp-block-heading\" id=\"localizacao\">Localiza\u00e7\u00e3o<\/h2>\n\n\n\n\n\n\n\n<h2 class=\"wp-block-heading\" id=\"galeria\">Fotografias<\/h2>\n\n\n\n\n\n<h2 class=\"wp-block-heading\" id=\"contactos\">Contactos<\/h2>\n\n\n\n<p><a href=\"mailto:clube@montanhismo-guarda.pt\" target=\"_blank\" rel=\"noreferrer noopener\">clube@montanhismo-guarda.pt<\/a><\/p>\n","protected":false},"excerpt":{"rendered":"<p>Informa\u00e7\u00f5es Gerais Este evento \u00e9 organizado segundo o regulamento competi\u00e7\u00f5es de ori-btt da Federa\u00e7\u00e3o Portuguesa de Orienta\u00e7\u00e3o. A &#8211; ORGANIZA\u00c7\u00c3O A.1 &#8211; A organiza\u00e7\u00e3o \u00e9 da responsabilidade do Clube de &hellip; <\/p>\n<p class=\"link-more\"><a href=\"https:\/\/www.montanhismo-guarda.pt\/portal\/mountain-bike-orienteering\" class=\"more-link\">Continuar a ler <span class=\"screen-reader-text\">&#8220;II Mountain Bike Orienteering&#8221;<\/span><\/a><\/p>\n","protected":false},"author":1,"featured_media":0,"parent":0,"menu_order":0,"comment_status":"closed","ping_status":"closed","template":"","meta":{"_acf_changed":false,"_tec_requires_first_save":true,"_EventAllDay":false,"_EventTimezone":"","_EventStartDate":"","_EventEndDate":"","_EventStartDateUTC":"","_EventEndDateUTC":"","_EventShowMap":false,"_EventShowMapLink":false,"_EventURL":"","_EventCost":"","_EventCostDescription":"","_EventCurrencySymbol":"","_EventCurrencyCode":"","_EventCurrencyPosition":"","_EventDateTimeSeparator":"","_EventTimeRangeSeparator":"","_EventOrganizerID":[],"_EventVenueID":[],"_OrganizerEmail":"","_OrganizerPhone":"","_OrganizerWebsite":"","_VenueAddress":"","_VenueCity":"","_VenueCountry":"","_VenueProvince":"","_VenueState":"","_VenueZip":"","_VenuePhone":"","_VenueURL":"","_VenueStateProvince":"","_VenueLat":"","_VenueLng":"","_VenueShowMap":false,"_VenueShowMapLink":false,"_tribe_blocks_recurrence_rules":"","_tribe_blocks_recurrence_description":"","_tribe_blocks_recurrence_exclusions":"","footnotes":""},"class_list":["post-5046","page","type-page","status-publish","hentry"],"acf":[],"_links":{"self":[{"href":"https:\/\/www.montanhismo-guarda.pt\/portal\/wp-json\/wp\/v2\/pages\/5046","targetHints":{"allow":["GET"]}}],"collection":[{"href":"https:\/\/www.montanhismo-guarda.pt\/portal\/wp-json\/wp\/v2\/pages"}],"about":[{"href":"https:\/\/www.montanhismo-guarda.pt\/portal\/wp-json\/wp\/v2\/types\/page"}],"author":[{"embeddable":true,"href":"https:\/\/www.montanhismo-guarda.pt\/portal\/wp-json\/wp\/v2\/users\/1"}],"replies":[{"embeddable":true,"href":"https:\/\/www.montanhismo-guarda.pt\/portal\/wp-json\/wp\/v2\/comments?post=5046"}],"version-history":[{"count":51,"href":"https:\/\/www.montanhismo-guarda.pt\/portal\/wp-json\/wp\/v2\/pages\/5046\/revisions"}],"predecessor-version":[{"id":5960,"href":"https:\/\/www.montanhismo-guarda.pt\/portal\/wp-json\/wp\/v2\/pages\/5046\/revisions\/5960"}],"wp:attachment":[{"href":"https:\/\/www.montanhismo-guarda.pt\/portal\/wp-json\/wp\/v2\/media?parent=5046"}],"curies":[{"name":"wp","href":"https:\/\/api.w.org\/{rel}","templated":true}]}}